st the prime factors of 94/10 + (-4)/v.
3
Suppose -2*q + 61 = -221. What are the prime factors of q?
3, 47
Let r = -54 + 80. What are the prime factors of r?
2, 13
Let l be -4*(3 + (-3)/6). List the prime factors of (-96)/l - (-6)/(-10).
3
Let a be ((-1)/4)/((-1)/172). Suppose a = -4*u + 123. What are the prime factors of u?
2, 5
Suppose 0 = -3*v + 422 - 74. What are the prime factors of v?
2, 29
Let c be -6*3/6 + 0. What are the prime factors of 3*(-11)/c - -2?
13
Let k = 11 - 18. List the prime factors of (18/(-21))/(1/k).
2, 3
Let l(m) = 29*m**2 + 1. What are the prime factors of l(1)?
2, 3, 5
Let c = 20 - 42. Let q be (2 - 5)*c/6. Let v = q - 6. List the prime factors of v.
5
Suppose -j + 6 + 1 = 0. List the prime factors of j.
7
What are the prime factors of ((-516)/18)/(4/(-6))?
43
Let z = 27 - 8. List the prime factors of z.
19
Let h be 0/(-1) + (-48)/(-6). Suppose -2*y + h = -y. List the prime factors of y.
2
Let j(k) = k**2 + k + 4. Let a = -3 + 3. Suppose -3*s + 8*s = a. What are the prime factors of j(s)?
2
Let v(p) = p**2 - p + 3. Let m be v(-3). Let w = m - -7. What are the prime factors of w?
2, 11
Let k(q) be the first derivative of -q**2 + 5*q - 1. List the prime factors of k(-10).
5
Let j = 279 + -197. List the prime factors of j.
2, 41
Suppose -3*x = 2*x. List the prime factors of 3 - (x - (4 - 3)).
2
Suppose 3*f = y + 90, -46 = -5*f + 2*y + 105. List the prime factors of f.
29
Suppose -2*q = -7 - 5. List the prime factors of ((-196)/q)/(16/(-24)).
7
Suppose 0*h = 3*h - 9. Suppose 5*p - 22 = h*p. Suppose 0 = 3*n + 4*y - 76 + p, -60 = -5*n + 3*y. What are the prime factors of n?
3, 5
Suppose 2*c + 10*c - 1884 = 0. List the prime factors of c.
157
Suppose 2*n + 3*t + 2*t - 14 = 0, -n + 13 = 4*t. Let s = n + 7. Suppose -s*o + 2 = -6. List the prime factors of o.
2
Let x(p) = -p**2 + 12. Let c be x(0). Let v = 22 - c. What are the prime factors of v?
2, 5
What are the prime factors of ((-76)/(-3))/((-8)/(-24))?
2, 19
List the prime factors of (6/(-8))/((-2)/912).
2, 3, 19
List the prime factors of 18 - (-2)/(0 + -1).
2
Suppose 0*u - 39 = -3*u. List the prime factors of u.
13
Let b be 2/(-4)*(-20)/2. Suppose -b*k + 40 = -0*k. What are the prime factors of k?
2
Let a(l) = -l**2 + 7*l + 10. Let v = -5 + 13. Let p be a(v). Suppose -3*x + s - p*s = -46, s = -2. What are the prime factors of x?
2
Let l = -244 + 444. What are the prime factors of l?
2, 5
Let d(h) = -6*h - h + 7*h + 7*h**2. Let b = 3 - 2. List the prime factors of d(b).
7
Suppose -2*v + 3*r + 25 = -50, -80 = -3*v - 2*r. List the prime factors of v.
2, 3, 5
Let p(n) = 4*n**2 - 11*n + 7. What are the prime factors of p(8)?
5, 7
Suppose -2*a = a - 558. What are the prime factors of a?
2, 3, 31
Let k = -11 + 14. Suppose -s + k*c + 60 = 2*s, 0 = -s - 5*c + 50. List the prime factors of s.
5
Let z = -99 - -146. List the prime factors of z.
47
Suppose 0*u = 5*l + 3*u - 244, 0 = 4*l + 5*u - 203. What are the prime factors of l?
47
Suppose d = -3*t, -4*t - 2*d - 2 = -0*t. What are the prime factors of ((-7)/(-14))/(t/14)?
7
Let o = 49 - 45. What are the prime factors of o?
2
Suppose -31*o + 635 = -26*o. List the prime factors of o.
127
Let w be (154/(-33))/(1/(-3)). Let u = w - 3. List the prime factors of u.
11
Suppose -5*i + 4*y = 1 - 12, 5*y = 5*i - 10. Suppose i*z = 2*z. Suppose 3*m - 3*q - 33 = z, -4*m + 6*m - 30 = 4*q. What are the prime factors of m?
7
Let l(i) = i**2 + 6*i + 6 + i + 2*i - 2*i**2. List the prime factors of l(9).
2, 3
Let j = 3 + 2. Suppose 3*u - 54 = -3*l, 2*u + 0*u = -j*l + 21. List the prime factors of u.
23
Let j = 2 + 2. Let u = j + 2. List the prime factors of u.
2, 3
Suppose 3*h - 87 = -5*k, 5*h - 2*k + k - 117 = 0. Suppose 3*i = -0*i + h. Let j = -6 + i. What are the prime factors of j?
2
Let c be -5*(0 + 4 + -3). Suppose -3*p - 13 + 4 = 0. Let d = p - c. List the prime factors of d.
2
Let b = -1 - -1. Suppose 15 = 5*o - b*o. Suppose 0 = 4*v + 5*h - o*h - 50, -4*v - 4*h + 52 = 0. List the prime factors of v.
2, 3
Let f(m) = -2*m - 1. Let y(t) = 2*t + 1. Let a(s) = 7*f(s) + 6*y(s). What are the prime factors of a(-7)?
13
Let h = 1 - -5. Let c = h + 8. What are the prime factors of c?
2, 7
Let k(s) = 9*s - 5. Let i(f) = f + 17. Let m be i(-13). What are the prime factors of k(m)?
31
Let q be 114/5 + 2/10. Let y = q - 16. List the prime factors of y.
7
Let g(j) = j. Let m be (-21)/(-6) - 3/(-6). Let v be g(m). Suppose -4*u + 17 = -0*t + 5*t, 19 = 5*u + v*t. What are the prime factors of u?
3
Suppose -48 = -s + 3*l, 3*s - 5*l - 199 = -s. What are the prime factors of s?
3, 17
Suppose 0 = 2*u + x + 15, 3*u - 4*x = -2*x - 19. Let t(d) = d**2 + 6*d + 8. List the prime factors of t(u).
3, 5
Let s(i) = -8*i - 1. Let g be s(2). Let d be (-2 - 0)*108/8. Let t = g - d. List the prime factors of t.
2, 5
Suppose -3 = w + 22. Suppose -113 - 117 = 5*b. Let k = w - b. What are the prime factors of k?
3, 7
Let l = 124 + -29. What are the prime factors of l?
5, 19
Let w be 3 + (-1 - (-3)/1). Suppose 0 = w*f + 3*p - 37, 0 = 4*f + f + 5*p - 35. What are the prime factors of f?
2
What are the prime factors of 4*31*13/52?
31
Let v be (-8)/6*(-12)/8. Suppose -v*z + 3*z = -n + 6, -2*n = -2*z + 4. Suppose n = -2*k, 5*m + 2*k = -3 + 16. What are the prime factors of m?
3
Suppose -b + 18 = -2*f - 1, b + 3*f = 19. List the prime factors of b.
19
Let u be (-93)/(-12) + (-1)/(-4). Suppose -72 = 3*g - 3*t, g - 2*t + u + 21 = 0. Let a = 33 + g. List the prime factors of a.
2, 7
Suppose 5*k = 4*m + 43, 3*k - 4*k = 2*m + 39. Let a = m - -31. List the prime factors of 164/a + 2/7.
2, 3
Suppose 5*l = -2*x + 47, 3*l - 4 - 26 = -3*x. Let b = 0 + l. Suppose b = 2*p + p. What are the prime factors of p?
3
Suppose 140 = -b + 2*b. List the prime factors of b.
2, 5, 7
Suppose -2*t + 0*t = 22. Let o = 15 + t. Suppose 5*j - 16 - o = 0. List the prime factors of j.
2
Let m = -9 - -14. Suppose 46 + 64 = m*k. List the prime factors of k.
2, 11
Let q(s) = s. Let l be q(3). Suppose -d + 64 = l*d. What are the prime factors of d?
2
Suppose 3*k = -4*v + 102, -106 + 1 = -3*k - 3*v. Suppose -22 - k = -5*r. What are the prime factors of r?
2, 3
Suppose -2*f + 0*f = 22. Let y = f + 61. Suppose 0 = -3*z - 2*k + 30, k = 3*z - 8*z + y. What are the prime factors of z?
2, 5
Let y = -116 - -329. What are the prime factors of y?
3, 71
Suppose i - 6*i = 0. Suppose 2*f - 18 = -i. What are the prime factors of f?
3
Let b(y) = y + 1. What are the prime factors of b(8)?
3
Let r = -196 - -276. List the prime factors of r.
2, 5
Let y = 70 - 16. Suppose a - y = -2*a. Suppose 2*z + z - a = -3*s, -3*z = 2*s - 19. What are the prime factors of z?
7
Let y(o) = -o**3 - 14*o**2 - 10*o + 13. What are the prime factors of y(-14)?
3, 17
Let g(h) = -h**3 + 6*h**2 - 6*h + 4. Let i be g(5). What are the prime factors of (-1)/i + 4*3?
13
Suppose -5 = -5*x + 5. Let m be (x/(-4))/1*0. Suppose u + 0*u - 14 = m. What are the prime factors of u?
2, 7
What are the prime factors of (1 - 5) + (3 - -137)?
2, 17
List the prime factors of 3996/12 + (-6)/(-2).
2, 3, 7
Suppose 0 = -0*y + 3*y - 207. What are the prime factors of y?
3, 23
Let i(f) = -2*f**3 + 8*f**2 - 3*f. What are the prime factors of i(3)?
3
What are the prime factors of ((-2)/6)/((-25)/3675)?
7
Let v(b) = 59*b + 7. What are the prime factors of v(6)?
19
Suppose 3*r = 5*s - 87 + 7, -5*s = 5*r - 40. Suppose -3*p + 2*p = -s. What are the prime factors of p?
13
Let i be ((-2)/(-6))/((-5)/(-45)). Let w(a) = 6*a - 2. Let k be w(2). List the prime factors of (k/8)/(i/36).
3, 5
Suppose -7 = -5*w + 18. Suppose -2*m + w*m - 12 = 0. List the prime factors of m.
2
Suppose -10*b + 206 + 1564 = 0. What are the prime factors of b?
3, 59
Let p(v) = v**2 - 9*v + 11. Let s be p(8). Suppose -i - s = -y, 0*i - 3*i = 3. Suppose -5*b - 3*c = -25, -b + y*b + 18 = 4*c. List the prime factors of b.
2
Let i = -51 + 115. Suppose -4*h + i + 16 = 0. What are the prime factors of h?
2, 5
Let r be 26/6 + (-2)/(-3). Suppose -r*m + 40 = -y, 0 = 4*m + 2*y + 13 - 31. What are the prime factors of m?
7
Suppose 0 = 3*k + 6, -5*s + 23 = -2*s - 4*k. What are the prime factors of s?
5
Let f = 109 - 59. List the prime factors of f.
2, 5
Suppose -13*x = -12*x - 75. What are the prime factors of x?
3, 5
Suppose 95